n divisor of 904 and 34126.
226
Calculate the greatest common divisor of 4779 and 70977.
177
Calculate the greatest common factor of 22893 and 156.
39
What is the greatest common factor of 5375 and 6235?
215
Calculate the highest common factor of 382 and 107.
1
What is the highest common divisor of 88107 and 129?
129
Calculate the highest common factor of 108 and 271746.
18
What is the greatest common divisor of 165784 and 102?
34
What is the greatest common divisor of 426 and 8045578?
142
Calculate the greatest common divisor of 112892 and 7436.
676
Calculate the highest common factor of 22624 and 512.
32
Calculate the highest common divisor of 54273 and 7557.
687
What is the highest common factor of 24 and 166776?
24
Calculate the greatest common factor of 4686 and 330.
66
Calculate the greatest common factor of 9435 and 53835.
555
Calculate the highest common factor of 3971 and 25631.
361
What is the greatest common factor of 2602 and 3136711?
1301
Calculate the highest common factor of 170 and 500.
10
Calculate the highest common factor of 460241 and 51.
17
Calculate the greatest common divisor of 3041533 and 11.
11
Calculate the highest common divisor of 872448 and 2130.
426
Calculate the greatest common factor of 1496 and 2169948.
748
Calculate the highest common divisor of 198 and 1074018.
66
What is the greatest common factor of 55322 and 5282?
278
Calculate the highest common divisor of 100 and 3430.
10
What is the highest common factor of 1831038 and 462?
66
What is the highest common factor of 5618 and 9646?
106
What is the highest common divisor of 3325 and 210?
35
What is the greatest common divisor of 27 and 189597?
3
Calculate the highest common factor of 7540 and 145.
145
Calculate the highest common divisor of 24 and 42336.
24
What is the highest common factor of 100 and 103925?
25
What is the highest common divisor of 11215 and 85?
5
Calculate the greatest common divisor of 684 and 238716.
684
What is the greatest common factor of 369 and 76875?
123
Calculate the highest common divisor of 47423 and 2679.
47
What is the highest common factor of 1024 and 1616?
16
What is the highest common divisor of 201 and 564877?
67
What is the greatest common factor of 29525 and 175?
25
What is the highest common factor of 9440 and 30560?
160
What is the highest common factor of 104 and 7644?
52
Calculate the highest common divisor of 463593 and 78.
39
Calculate the highest common divisor of 156 and 821106.
78
Calculate the highest common factor of 2564 and 36.
4
What is the highest common divisor of 62 and 2094763?
31
What is the highest common factor of 237048 and 3808?
952
What is the highest common divisor of 14 and 1201438?
14
What is the highest common factor of 62096 and 16?
16
What is the highest common factor of 758040 and 680?
40
What is the highest common divisor of 308 and 81004?
308
Calculate the greatest common factor of 2898 and 447258.
966
What is the highest common divisor of 3184 and 212930?
398
What is the highest common factor of 4 and 44612?
4
Calculate the highest common factor of 32640 and 84.
12
What is the greatest common factor of 11104 and 608?
32
Calculate the greatest common factor of 2982 and 84.
42
Calculate the highest common divisor of 20 and 949530.
10
What is the highest common divisor of 14353 and 62?
31
What is the greatest common factor of 529392 and 72?
24
What is the greatest common factor of 8 and 2958244?
4
What is the greatest common divisor of 532700 and 60?
20
Calculate the highest common factor of 26 and 2473172.
26
What is the highest common divisor of 4929144 and 396?
132
Calculate the greatest common divisor of 420 and 266.
14
What is the highest common factor of 13718 and 76?
38
What is the greatest common factor of 189 and 122121?
27
Calculate the highest common divisor of 1208 and 81238.
302
Calculate the highest common factor of 77998 and 11446.
118
Calculate the greatest common divisor of 13376 and 350284.
836
Calculate the highest common divisor of 161986 and 814.
814
What is the highest common factor of 84818 and 4?
2
Calculate the greatest common factor of 57250 and 1832.
458
What is the highest common divisor of 1927 and 2303?
47
Calculate the greatest common factor of 36 and 20214.
18
Calculate the greatest common divisor of 208 and 377072.
16
What is the greatest common divisor of 390268 and 43?
43
Calculate the highest common factor of 36 and 53868.
12
What is the highest common divisor of 905 and 1629?
181
Calculate the highest common factor of 54815 and 2185.
95
Calculate the highest common factor of 226373 and 20821.
443
What is the greatest common divisor of 184 and 4922?
46
What is the highest common factor of 3169236 and 24?
12
Calculate the highest common factor of 48 and 20688.
48
What is the greatest common factor of 46 and 1336714?
46
What is the greatest common divisor of 1428570 and 325?
65
Calculate the highest common factor of 238 and 42143.
17
What is the greatest common divisor of 798567 and 2079?
231
What is the highest common divisor of 10491 and 273?
39
What is the highest common factor of 508 and 101346?
254
Calculate the greatest common factor of 4848856 and 354.
118
Calculate the greatest common divisor of 3812 and 20.
4
Calculate the greatest common divisor of 17 and 5250586.
17
What is the greatest common divisor of 178038 and 729?
81
What is the highest common factor of 12480 and 397696?
832
What is the highest common divisor of 2 and 1417958?
2
What is the greatest common factor of 49 and 3112529?
49
What is the highest common divisor of 6503 and 216457?
929
Calculate the highest common divisor of 600 and 36160.
40
What is the highest common factor of 9595 and 74033?
101
What is the highest common factor of 81035 and 532?
19
What is the greatest common divisor of 25102 and 1304?
326
What is the highest common divisor of 6794 and 14534?
86
What is the greatest common factor of 114 and 7224?
6
Calculate the highest common divisor of 387 and 396.
9
Calculate the greatest common divisor of 65070 and 1890.
270
Calculate the highest common factor of 27669 and 2967.
69
What is the highest common factor of 121 and 17127?
11
Calculate the highest common factor of 87843 and 42.
21
Calculate the greatest common factor of 3636 and 88072.
404
Calculate the highest common divisor of 3596 and 2118943.
899
Calculate the highest common divisor of 66 and 228.
6
Calculate the highest common divisor of 8 and 19144.
8
Calculate the highest common factor of 2555476 and 616.
308
What is the highest common divisor of 1080 and 3420?
180
Calculate the greatest common divisor of 24 and 958782.
6
Calculate the highest common factor of 202 and 22321.
101
Calculate the highest common factor of 846 and 141846.
282
What is the highest common divisor of 808 and 3402488?
808
Calculate the greatest common factor of 4318 and 1759585.
2159
Calculate the highest common factor of 18507 and 279.
93
Calculate the highest common divisor of 4 and 236732.
4
What is the highest common factor of 7100 and 500?
100
What is the highest common divisor of 6984 and 454736?
776
What is the highest common divisor of 71250 and 10260?
570
What is the greatest common factor of 95 and 497173?
19
What is the highest common factor of 171 and 95301?
9
What is the greatest common factor of 54 and 126738?
54
What is the greatest common factor of 1184 and 16798?
74
What is the highest common factor of 18 and 12792?
6
What is the greatest common divisor of 52462 and 170?
34
What is the highest common factor of 1928230 and 123?
41
Calculate the greatest common factor of 305 and 555.
5
What is the highest common divisor of 203 and 3625?
29
What is the greatest common divisor of 476 and 1316?
28
Calculate the greatest common factor of 99386 and 589.
31
Calculate the greatest common factor of 45 and 6905.
5
Calculate the greatest common divisor of 39284 and 6164.
92
Calculate the highest common factor of 608 and 3211.
19
Calculate the highest common divisor of 55035 and 225.
45
Calculate the highest common divisor of 4471 and 187.
17
Calculate the highest common factor of 2339640 and 388.
388
Calculate the greatest common factor of 215 and 5791670.
215
Calculate the highest common divisor of 36855 and 3640.
455
Calcul